3*o + 27. Let h(m) = 6*m - 57. Let j(n) = -4*h(n) - 9*y(n). Calculate j(12).
21
Let m be (-64)/352 - 196/11. Let u(k) = k + 18. Calculate u(m).
0
Let n(h) be the first derivative of -h**6/360 + h**5/40 - h**4/12 + h**3/3 - 1. Let l(q) be the third derivative of n(q). What is l(4)?
-6
Let d(f) be the third derivative of -f**5/30 + 7*f**4/12 + f**3/6 + 16*f**2. Let m(t) = -t**2 + 7*t. Let x(r) = 2*d(r) - 5*m(r). What is x(6)?
-4
Let c(l) = -l - 10. Let u(a) = -15*a - 165. Let v(y) = -33*c(y) + 2*u(y). Let f = -15 - -28. Suppose -2*s - 2*b - 14 = 0, -f = 2*s + 2*s + b. What is v(s)?
-6
Suppose 2*q - 2 - 2 = 0. Let t(m) = m - q*m + 3*m - 2 + m**2. Suppose 10*s + 21 = 51. What is t(s)?
13
Let p(m) = -12*m**2. Let d be p(-1). Let n(b) = 2*b - b + 10 + 0*b + 7. Let o be n(d). Let y(s) = s**3 - 4*s**2 - 5*s - 7. Calculate y(o).
-7
Let c(a) be the third derivative of -a**7/420 + a**6/180 - a**5/120 - a**4/24 + 4*a**3/3 + 31*a**2. Let m(s) be the first derivative of c(s). Give m(2).
-11
Let t(y) be the first derivative of y**3/6 - 8*y**2 + 24*y - 13. Let c(i) be the first derivative of t(i). Determine c(13).
-3
Let q(a) = -a**3 + 9*a**2 + 11*a + 10. Let x = 276 + -266. Determine q(x).
20
Let r(i) = i - 1. Suppose 2*k + 3*x = -0*x + 4, 2*x + 8 = 4*k. Let g be k - 1/((-1)/(-5)). Give r(g).
-4
Let j(z) be the third derivative of -z**7/5040 - z**6/120 + 17*z**5/60 - 19*z**2. Let b(r) be the third derivative of j(r). Give b(-6).
0
Let b be (4 - 3)*(-1 + 7). Let m(i) = -4*i**2 + 8*i + 6. Let t(n) = -2*n**2 + 11 - 10 + 2*n**2 - n**2. Let p(w) = -m(w) + 3*t(w). Give p(b).
-15
Let a(b) be the third derivative of b**7/840 - b**6/180 - b**5/40 + b**4/12 - 5*b**3/3 - 20*b**2. Let k(y) be the first derivative of a(y). Determine k(3).
2
Let s(i) be the first derivative of -i**4/4 + i**3 + 3*i**2/2 - 5*i - 213. What is s(4)?
-9
Suppose -2*b + 8 = -6. Let n be (-2)/b + (-484)/(-28). Suppose -5*h = 13 + n. Let k(v) = v + 3. What is k(h)?
-3
Suppose v = 3*g - 2*v - 6, 3*g - 4 = 5*v. Suppose y - 2 = -4*k - 1, y = -g*k + 2. Let s(z) = -z + 1 + 0 - 2 + y. Give s(5).
-1
Let r(k) = -k**2 + 7*k + 2. Suppose -105 = 6*x - 27*x. Determine r(x).
12
Suppose 0 = 24*z - 53*z + 116. Let j(f) = -2 + 5 - 3*f + 0*f. What is j(z)?
-9
Let w(d) = 98 + d**2 - 55 - 41. Let z = -8 - -13. Suppose p - 6*p = 2*j + 10, z*j = 3*p + 6. Give w(j).
2
Let r(c) be the second derivative of c**3 - 7*c**2/2 + 23*c. Let n be r(1). Let s(x) = -11*x**2 + 1. Give s(n).
-10
Let c(p) = p**3 + 8*p**2 + p + 11. Let s be (4 - 9)/5 - (52 - 2). Let t = -59 - s. What is c(t)?
3
Let s = 34 - 30. Suppose -s*w = -3*y + y + 28, 2*w = 4*y - 14. Let j(h) = -h**2 - 6*h - 6. What is j(w)?
-13
Let c(y) = -y**3 - 9*y**2 - 6*y + 11. Let q(m) = m**3 - 15*m**2 + 14*m + 18. Let w be q(14). Suppose 3*u + 6 + w = 0. Give c(u).
-5
Let a be (-1)/((-5)/120*4) - -1. Let y(i) = i + 10. What is y(a)?
17
Let o be (-4)/(-9) + 4896/648. Let u(z) = -2*z + 13. Determine u(o).
-3
Let j(z) = z**3 + 4*z**2 - 4*z - 6. Let d = -10 - -14. Let f be ((-12)/1)/(3/(-2)). Suppose f = -3*t - d. Give j(t).
10
Let s(q) = -3*q**2 - 1265 + 1274 - q**3 - 3*q**2 + 7*q. Determine s(-7).
9
Let v be 3*(-12)/(-9) - 0. Let q(z) = -7*z + z**2 + 3*z - 3 + z - v. Suppose 5*o = 1 + 24. Calculate q(o).
3
Let n(h) = -2*h + 7. Let r be n(1). Let z(p) = 4*p - r + 5 - p. Calculate z(-1).
-3
Suppose -7*l + 21 = -4*l. Let u(n) = -l + 0 + 2*n - n + 6. What is u(7)?
6
Let p(u) = -u**2 + u - 1. Let j(k) = 4*k**2 - 5*k + 11. Let c(m) = j(m) + 5*p(m). Let o be c(0). Let v(d) = -d**3 + 7*d**2 - 6*d. Determine v(o).
0
Let o(z) be the first derivative of -6*z**2 - 2*z + 956. Give o(-3).
34
Let o be (-15)/12 + 42/8. Let z(i) = 0 + 0*i**2 - i + 3*i**2 - 10*i**3 - o*i**2 - 1. Give z(-1).
9
Let k(j) = -135*j + 0*j**2 + 4 - j**2 - 134*j + 262*j. Determine k(-4).
16
Let q(h) = -h**2 + 9*h - 6. Let z be 6/((-23)/(483/(-14))). Determine q(z).
-6
Let m = 84 - 86. Let s(v) = -v**2 - 4*v - 3. Give s(m).
1
Let y = 830 + -829. Let z(x) = -5*x + 7. What is z(y)?
2
Let r(b) = -5*b - 1. Let k(g) = -3*g - 1. Suppose 6*n - n = -40. Suppose 3*u - 19 = -2*i, u = -2*i + 5*i - 12. Let l(j) = i*r(j) + n*k(j). Give l(0).
3
Let d(w) = -2*w + 1. Let k be (-72)/30 - (-4)/10. Let n = -44 + 48. Let m be k/4*(6 - n). Give d(m).
3
Suppose -8 + 33 = 5*o. Let v(t) = 2*t + 89 + t**3 - 4*t**2 - 93 - 6*t. Determine v(o).
1
Let c(n) = n**2 + 3*n + 4. Suppose 0 = -12*s + 48 + 12. What is c(s)?
44
Suppose 3*v - 8 = -i, 0 = -2*i - v + 1 + 10. Suppose -3*m + 39 = -3*p, 34 - 109 = i*p + 5*m. Let h = -12 - p. Let c(a) = -a**2 - a + 2. What is c(h)?
-4
Suppose -r - 13 = -0*r - 5*h, 0 = -3*r - h - 7. Let u be (10/(-6))/((-1)/r). Let z(g) = g**3 + 6*g**2 + 2*g - 7. Determine z(u).
8
Let n(f) = -f**3 - 10*f**2 + 3. Let r(g) = -11*g**2 + 3*g - 2. Let s be r(1). Calculate n(s).
3
Let k(a) = a**3 + 6*a**2 + 2. Let i be k(-6). Let z(y) = 0*y**2 + 0*y**2 + y**3 - 15 + i*y - 3*y**2 + 14. What is z(3)?
5
Let w(u) = -u - 1. Let o(b) = b**3 + 2*b**2 + 4*b + 2. Let z(g) = o(g) + 3*w(g). Give z(-3).
-13
Let t(q) = 19 - q**2 - 5 + 1 - 8*q + 0*q**2. Let a be t(-9). Let f(j) = -5*j**2 - 33*j - 12. Let p(r) = r**2 + 8*r + 3. Let x(i) = 2*f(i) + 9*p(i). Give x(a).
3
Let g(l) = -l**2 - l + 1. Let r be (-90)/20 - 3/(-6). Let a be ((r - -3) + -3)*1. What is g(a)?
-11
Let c(f) = 4*f - 3. Let y(o) = -o**2 - 21*o + 19. Let p be y(-22). Give c(p).
-15
Let h(s) be the third derivative of -s**2 + 0*s - 1/4*s**4 - 3/2*s**3 + 0 + 1/60*s**5. Let o = -25 + 32. What is h(o)?
-2
Let b(u) = -3*u**2 - 1. Suppose -3*t = 3*f + 174, -3*f - 284 = 2*f + 3*t. Let y = f - -53. Calculate b(y).
-13
Suppose 0 = -10*p + 5*p - 30. Let y(a) = a**2 + 5*a - 12. Let g be y(p). Let r(t) = -t**2 - 4*t + 8. Give r(g).
-4
Let b(w) = 3*w. Let x(h) = 3*h + 2. Let c be x(4). Suppose 0 = 3*v - 62 + c. Let f = v + -13. Give b(f).
9
Suppose 0 = 5*z + 5*f + 9 + 6, -2*z - 3*f = 9. Let u(q) = q**3 - q**2 - q - 4. Calculate u(z).
-4
Let i(p) = -2*p - 9. Suppose 0*s - s = -3*n - 1, 3*n + 5*s = 5. Determine i(n).
-9
Let v(p) = -p**2 - 5*p + 1. Let z = -88 - -52. Let s = z + 32. Calculate v(s).
5
Let m = 6 - 4. Let b(r) = -7 + 0 + 6 - r. Determine b(m).
-3
Let v be 0 - (1 + -2 - 0). Let y be (4*3)/(3 - v). Let c(s) be the first derivative of -s**2/2 + 2. Calculate c(y).
-6
Let w(r) = -r**3 - 6*r**2 - 6*r - 6. Suppose -u + 5 - 3 = -y, 4*y + 17 = u. Give w(y).
-1
Suppose 6*s + 220 - 184 = 0. Let j(q) = q**3 + 5*q**2 - 5*q + 2. Calculate j(s).
-4
Let i(d) = d**2 + 7. Let n be i(4). Let l = -10 + n. Suppose -l = 5*v + 12. Let w(y) = 3*y + 6. Calculate w(v).
-9
Let w(h) = -h**2 - 2*h - 2. Let d be w(-3). Let q be (((-2)/(-3))/(-1))/(d/(-15)). Let r(n) = 2*n - 1. Calculate r(q).
-5
Let a(s) = s**3 - 1. Let g(f) = 2*f**3 - f**2 - 3. Let t(c) = 3*a(c) - g(c). Suppose 5 = -7*x + 2*x. Determine t(x).
0
Let x(a) = -a + 13. Let r(l) be the third derivative of l**3/3 - 45*l**2. Let n(q) = 39*r(q) - 6*x(q). Give n(-2).
-12
Let c(k) = -k**2 - 6*k + 20. Let z be c(-8). Let l(x) = 7*x**2 + 6. Let r(m) = 8*m**2 + m + 6. Let o(i) = 7*l(i) - 6*r(i). Give o(z).
-2
Let y(v) = 0*v + 2*v - 12 + v**3 + 8 - 16*v - 11*v**2. Calculate y(12).
-28
Let w = -622 - -628. Let m(f) be the third derivative of f**5/60 - 5*f**4/24 + 2*f**2. Give m(w).
6
Let o(l) = l + 3. Let v be o(-1). Let f(y) = -8*y + 10 - 88*y**2 + 45*y**2 + 42*y**v. Calculate f(-9).
1
Let b(d) be the first derivative of d**4/4 - 7*d**3/3 + 3*d**2 + 1. Suppose -3*w = 18, 905*r - 909*r = 4*w. What is b(r)?
0
Let r(s) = 11*s - s + s**2 + 2*s + 4. Let y be (-14)/3*(7 + 93/(-21)). Calculate r(y).
4
Let u(s) = -3*s + 1 + 6*s - 49*s**2 + 0*s + 31*s**2 + 21*s**2. Calculate u(-1).
1
Let h be (-1)/(5/45*-3). Suppose -18 = -h*z - 3. Let n(d) = d**2 - 5*d - 6. Give n(z).
-6
Let z(d) = 2*d**2 + 5*d. Suppose 6 + 14 = -5*y. Give z(y).
12
Let i(q) = -q**2 + 9*q - 5. Suppose 5*u = -226 - 179. Let y = -39 - u. Suppose -5*v - y = -4*c, -4*c - v + 12 = -18. Determine i(c).
3
Suppose -124*x + 133*x - 36 = 0. Let k(v) be the third derivative of 1/60*v**5 - 2/3*v**3 - 3*v**2 - 1/12*v**x + 0*v + 0. Calculate k(5).
11
Let a(x) = 2*x - 10. Let m be a(9). Let g = -11 + m. Let o(j) be the first derivative of j**2/2 - 4*j - 16. Calculate o(g).
-7
Let g = 11 + -9. Let u(y) = y**2 - 6*y 